{"id":3915,"date":"2023-01-31T14:15:01","date_gmt":"2023-01-31T14:15:01","guid":{"rendered":"https:\/\/leroux.qodeinteractive.com\/?page_id=3915"},"modified":"2024-12-16T00:22:36","modified_gmt":"2024-12-16T00:22:36","slug":"somos-dromega","status":"publish","type":"page","link":"https:\/\/drogueriamega.com\/web\/somos-dromega\/","title":{"rendered":"Somos Dromega"},"content":{"rendered":"\t\t<div data-elementor-type=\"wp-page\" data-elementor-id=\"3915\" class=\"elementor elementor-3915\">\n\t\t\t\t\t\t<section class=\"elementor-section elementor-top-section elementor-element elementor-element-404e8bf elementor-section-full_width elementor-section-height-default elementor-section-height-default\" data-id=\"404e8bf\" data-element_type=\"section\" data-settings=\"{&quot;background_background&quot;:&quot;classic&quot;}\">\n\t\t\t\t\t\t<div class=\"elementor-container elementor-column-gap-no\">\n\t\t\t\t\t<div class=\"elementor-column elementor-col-100 elementor-top-column elementor-element elementor-element-96d967a\" data-id=\"96d967a\" data-element_type=\"column\" data-settings=\"{&quot;background_background&quot;:&quot;classic&quot;}\">\n\t\t\t<div class=\"elementor-widget-wrap\">\n\t\t\t\t\t\t\t<\/div>\n\t\t<\/div>\n\t\t\t\t\t<\/div>\n\t\t<\/section>\n\t\t\t\t<section class=\"elementor-section elementor-top-section elementor-element elementor-element-f027adb elementor-section-full_width elementor-section-height-full elementor-section-stretched elementor-section-height-default elementor-section-items-middle\" data-id=\"f027adb\" data-element_type=\"section\" data-settings=\"{&quot;background_background&quot;:&quot;classic&quot;,&quot;stretch_section&quot;:&quot;section-stretched&quot;}\">\n\t\t\t\t\t\t<div class=\"elementor-container elementor-column-gap-default\">\n\t\t\t\t\t<div class=\"elementor-column elementor-col-50 elementor-top-column elementor-element elementor-element-6439b3fb\" data-id=\"6439b3fb\" data-element_type=\"column\">\n\t\t\t<div class=\"elementor-widget-wrap elementor-element-populated\">\n\t\t\t\t\t\t<div class=\"elementor-element elementor-element-85b20e7 elementor-widget__width-auto elementor-widget-tablet__width-inherit elementor-widget-mobile__width-initial elementor-hidden-tablet elementor-hidden-mobile elementor-widget elementor-widget-leroux_core_single_image\" data-id=\"85b20e7\" data-element_type=\"widget\" data-widget_type=\"leroux_core_single_image.default\">\n\t\t\t\t<div class=\"elementor-widget-container\">\n\t\t\t<div class=\"qodef-shortcode qodef-m  qodef-single-image qodef-layout--default qodef-parallax-item qodef--has-appear \">\n\t\t\t<div class=\"qodef-m-image\">\n\t\t\t\t\t\t\t\t<img fetchpriority=\"high\" decoding=\"async\" width=\"1082\" height=\"256\" src=\"https:\/\/drogueriamega.com\/web\/wp-content\/uploads\/2024\/10\/white-footer2-TRANSPARENT-DROMEGA-21-ANOS-02.png\" class=\"attachment-full size-full\" alt=\"\" srcset=\"https:\/\/drogueriamega.com\/web\/wp-content\/uploads\/2024\/10\/white-footer2-TRANSPARENT-DROMEGA-21-ANOS-02.png 1082w, https:\/\/drogueriamega.com\/web\/wp-content\/uploads\/2024\/10\/white-footer2-TRANSPARENT-DROMEGA-21-ANOS-02-300x71.png 300w, https:\/\/drogueriamega.com\/web\/wp-content\/uploads\/2024\/10\/white-footer2-TRANSPARENT-DROMEGA-21-ANOS-02-1024x242.png 1024w, https:\/\/drogueriamega.com\/web\/wp-content\/uploads\/2024\/10\/white-footer2-TRANSPARENT-DROMEGA-21-ANOS-02-768x182.png 768w\" sizes=\"(max-width: 1082px) 100vw, 1082px\" \/>\t\t\t\t\t\t\t<\/div>\n\t<\/div>\n\t\t<\/div>\n\t\t\t\t<\/div>\n\t\t\t\t\t<\/div>\n\t\t<\/div>\n\t\t\t\t<div class=\"elementor-column elementor-col-50 elementor-top-column elementor-element elementor-element-45a0f855\" data-id=\"45a0f855\" data-element_type=\"column\">\n\t\t\t<div class=\"elementor-widget-wrap elementor-element-populated\">\n\t\t\t\t\t\t<div class=\"elementor-element elementor-element-46638d53 elementor-widget__width-initial elementor-widget-tablet__width-inherit elementor-widget elementor-widget-leroux_core_section_title\" data-id=\"46638d53\" data-element_type=\"widget\" data-widget_type=\"leroux_core_section_title.default\">\n\t\t\t\t<div class=\"elementor-widget-container\">\n\t\t\t<div class=\"qodef-shortcode qodef-m  qodef-section-title qodef-alignment--left \">\n\t\t<h2 class=\"qodef-m-title\" style=\"color: #FFFFFF\">\n\t\t\t\t\tCompromiso con la Variedad y el Bienestar de Nuestros Clientes\t\t\t<\/h2>\n\t\t<p class=\"qodef-m-text\" style=\"margin-top: 21px;color: #D5DEDE\">En DROMEGA, nos enorgullece ser un socio confiable para las farmacias, distribuyendo salud a comunidades en todo el occidente venezolano. Nuestro compromiso no solo se basa en la eficiencia y rapidez, sino tambi\u00e9n en ofrecer una amplia variedad de productos. Trabajamos con una red de proveedores de todo el pa\u00eds, asegurando un inventario robusto y diverso que incluye tanto reconocidas marcas nacionales  como medicamentos importados. Este enfoque nos permite adaptarnos a las necesidades espec\u00edficas de nuestros clientes y del mercado, acercando salud y bienestar a cada rinc\u00f3n\u00a0que\u00a0atendemos.<\/p>\n<\/div>\n\t\t<\/div>\n\t\t\t\t<\/div>\n\t\t\t\t\t<\/div>\n\t\t<\/div>\n\t\t\t\t\t<\/div>\n\t\t<\/section>\n\t\t\t\t<section class=\"elementor-section elementor-top-section elementor-element elementor-element-4e7e640 elementor-section-full_width elementor-section-height-min-height elementor-section-content-middle qodef-elementor-content-grid elementor-section-stretched elementor-section-height-default elementor-section-items-middle\" data-id=\"4e7e640\" data-element_type=\"section\" data-settings=\"{&quot;background_background&quot;:&quot;video&quot;,&quot;stretch_section&quot;:&quot;section-stretched&quot;,&quot;background_video_link&quot;:&quot;https:\\\/\\\/www.youtube.com\\\/watch?v=l3QBaWUIZOo&quot;,&quot;background_play_once&quot;:&quot;yes&quot;,&quot;background_play_on_mobile&quot;:&quot;yes&quot;}\">\n\t\t\t\t\t\t\t\t<div class=\"elementor-background-video-container\">\n\t\t\t\t\t\t\t\t\t\t\t\t\t<div class=\"elementor-background-video-embed\"><\/div>\n\t\t\t\t\t\t\t\t\t\t\t\t<\/div>\n\t\t\t\t\t\t\t\t<div class=\"elementor-container elementor-column-gap-no\">\n\t\t\t\t\t<div class=\"elementor-column elementor-col-50 elementor-top-column elementor-element elementor-element-d35600b elementor-hidden-mobile\" data-id=\"d35600b\" data-element_type=\"column\">\n\t\t\t<div class=\"elementor-widget-wrap\">\n\t\t\t\t\t\t\t<\/div>\n\t\t<\/div>\n\t\t\t\t<div class=\"elementor-column elementor-col-50 elementor-top-column elementor-element elementor-element-86e21cb\" data-id=\"86e21cb\" data-element_type=\"column\">\n\t\t\t<div class=\"elementor-widget-wrap\">\n\t\t\t\t\t\t\t<\/div>\n\t\t<\/div>\n\t\t\t\t\t<\/div>\n\t\t<\/section>\n\t\t\t\t<section class=\"elementor-section elementor-top-section elementor-element elementor-element-61d10c9 elementor-section-full_width elementor-section-height-min-height elementor-section-content-middle qodef-elementor-content-grid elementor-section-stretched elementor-section-height-default elementor-section-items-middle\" data-id=\"61d10c9\" data-element_type=\"section\" data-settings=\"{&quot;background_background&quot;:&quot;classic&quot;,&quot;stretch_section&quot;:&quot;section-stretched&quot;}\">\n\t\t\t\t\t\t<div class=\"elementor-container elementor-column-gap-no\">\n\t\t\t\t\t<div class=\"elementor-column elementor-col-50 elementor-top-column elementor-element elementor-element-3b8ab1b elementor-hidden-mobile\" data-id=\"3b8ab1b\" data-element_type=\"column\">\n\t\t\t<div class=\"elementor-widget-wrap elementor-element-populated\">\n\t\t\t\t\t\t<div class=\"elementor-element elementor-element-50468c1 elementor-widget elementor-widget-image\" data-id=\"50468c1\" data-element_type=\"widget\" data-widget_type=\"image.default\">\n\t\t\t\t<div class=\"elementor-widget-container\">\n\t\t\t\t\t\t\t\t\t\t\t\t\t<img decoding=\"async\" width=\"300\" height=\"130\" src=\"https:\/\/drogueriamega.com\/web\/wp-content\/uploads\/2024\/11\/valores-300x130.png\" class=\"attachment-medium size-medium wp-image-14878\" alt=\"\" srcset=\"https:\/\/drogueriamega.com\/web\/wp-content\/uploads\/2024\/11\/valores-300x130.png 300w, https:\/\/drogueriamega.com\/web\/wp-content\/uploads\/2024\/11\/valores.png 369w\" sizes=\"(max-width: 300px) 100vw, 300px\" \/>\t\t\t\t\t\t\t\t\t\t\t\t\t<\/div>\n\t\t\t\t<\/div>\n\t\t\t\t\t<\/div>\n\t\t<\/div>\n\t\t\t\t<div class=\"elementor-column elementor-col-50 elementor-top-column elementor-element elementor-element-0f0316a\" data-id=\"0f0316a\" data-element_type=\"column\">\n\t\t\t<div class=\"elementor-widget-wrap elementor-element-populated\">\n\t\t\t\t\t\t<div class=\"elementor-element elementor-element-7361168 elementor-widget elementor-widget-leroux_core_accordion\" data-id=\"7361168\" data-element_type=\"widget\" data-widget_type=\"leroux_core_accordion.default\">\n\t\t\t\t<div class=\"elementor-widget-container\">\n\t\t\t<div class=\"qodef-shortcode qodef-m  qodef-accordion clear qodef-behavior--accordion qodef-layout--simple qodef-icon--layout-2\" style=\"--qodef-accordion-border-color: #FFFFFF;--qodef-accordion-title-color: #FFFFFF;--qodef-accordion-content-color: #BCC3C5\">\n\t<h4 class=\"qodef-accordion-title\">\n\t<span class=\"qodef-tab-title\">La cooperaci\u00f3n. <\/span>\n\t<span class=\"qodef-accordion-mark\">\n                    <span class=\"qodef-icon--plus qodef-icon-layout--2\">\n                <svg class=\"qodef-svg--accordion-arrow\" xmlns=\"http:\/\/www.w3.org\/2000\/svg\" width=\"18.24\" height=\"18.207\" viewBox=\"0 0 18.24 18.207\"><g transform=\"translate(0.354 0.354)\"><line y1=\"17.5\" x2=\"17.5\" transform=\"translate(17.5) rotate(90)\" fill=\"none\" stroke=\"currentColor\" stroke-width=\"1\"\/><line y1=\"17.302\" transform=\"translate(17.387 17.302) rotate(90)\" fill=\"none\" stroke=\"currentColor\" stroke-width=\"1\"\/><line x2=\"17.302\" transform=\"translate(17.387) rotate(90)\" fill=\"none\" stroke=\"currentColor\" stroke-width=\"1\"\/><\/g><\/svg>            <\/span>\n        \t\t<span class=\"qodef-icon--minus\"><\/span>\n\t<\/span>\n<\/h4>\n<div class=\"qodef-accordion-content\">\n\t<div class=\"qodef-accordion-content-inner\">\n\t\t<p>Creemos que trabajar en equipo es la clave del \u00e9xito y nos esforzamos por fomentar un ambiente de trabajo colaborativo y respetuoso. Buscamos compartir conocimientos, experiencias y habilidades para alcanzar objetivos comunes y lograr un alto desempe\u00f1o.<\/p>\t<\/div>\n<\/div>\n<h4 class=\"qodef-accordion-title\">\n\t<span class=\"qodef-tab-title\">La confianza.<\/span>\n\t<span class=\"qodef-accordion-mark\">\n                    <span class=\"qodef-icon--plus qodef-icon-layout--2\">\n                <svg class=\"qodef-svg--accordion-arrow\" xmlns=\"http:\/\/www.w3.org\/2000\/svg\" width=\"18.24\" height=\"18.207\" viewBox=\"0 0 18.24 18.207\"><g transform=\"translate(0.354 0.354)\"><line y1=\"17.5\" x2=\"17.5\" transform=\"translate(17.5) rotate(90)\" fill=\"none\" stroke=\"currentColor\" stroke-width=\"1\"\/><line y1=\"17.302\" transform=\"translate(17.387 17.302) rotate(90)\" fill=\"none\" stroke=\"currentColor\" stroke-width=\"1\"\/><line x2=\"17.302\" transform=\"translate(17.387) rotate(90)\" fill=\"none\" stroke=\"currentColor\" stroke-width=\"1\"\/><\/g><\/svg>            <\/span>\n        \t\t<span class=\"qodef-icon--minus\"><\/span>\n\t<\/span>\n<\/h4>\n<div class=\"qodef-accordion-content\">\n\t<div class=\"qodef-accordion-content-inner\">\n\t\t<p>Estamos comprometidos a construir relaciones s\u00f3lidas y duraderas con nuestros clientes, socios y empleados, basadas en la confianza mutua y el respeto. Nos esforzamos por ser coherentes en nuestras acciones y mantener una comunicaci\u00f3n abierta y transparente para establecer relaciones de confianza s\u00f3lidas y duraderas.<\/p>\t<\/div>\n<\/div>\n<h4 class=\"qodef-accordion-title\">\n\t<span class=\"qodef-tab-title\">La eficiencia. <\/span>\n\t<span class=\"qodef-accordion-mark\">\n                    <span class=\"qodef-icon--plus qodef-icon-layout--2\">\n                <svg class=\"qodef-svg--accordion-arrow\" xmlns=\"http:\/\/www.w3.org\/2000\/svg\" width=\"18.24\" height=\"18.207\" viewBox=\"0 0 18.24 18.207\"><g transform=\"translate(0.354 0.354)\"><line y1=\"17.5\" x2=\"17.5\" transform=\"translate(17.5) rotate(90)\" fill=\"none\" stroke=\"currentColor\" stroke-width=\"1\"\/><line y1=\"17.302\" transform=\"translate(17.387 17.302) rotate(90)\" fill=\"none\" stroke=\"currentColor\" stroke-width=\"1\"\/><line x2=\"17.302\" transform=\"translate(17.387) rotate(90)\" fill=\"none\" stroke=\"currentColor\" stroke-width=\"1\"\/><\/g><\/svg>            <\/span>\n        \t\t<span class=\"qodef-icon--minus\"><\/span>\n\t<\/span>\n<\/h4>\n<div class=\"qodef-accordion-content\">\n\t<div class=\"qodef-accordion-content-inner\">\n\t\t<p>Nos esforzamos por ser altamente eficientes en todo lo que hacemos, optimizando nuestros recursos y procesos para maximizar la calidad y minimizar los costos. Nos enfocamos en la mejora continua y en el desarrollo de nuevas soluciones innovadoras para asegurarnos de brindar a nuestros clientes el mejor servicio posible.<\/p>\t<\/div>\n<\/div>\n<h4 class=\"qodef-accordion-title\">\n\t<span class=\"qodef-tab-title\">La responsabilidad.<\/span>\n\t<span class=\"qodef-accordion-mark\">\n                    <span class=\"qodef-icon--plus qodef-icon-layout--2\">\n                <svg class=\"qodef-svg--accordion-arrow\" xmlns=\"http:\/\/www.w3.org\/2000\/svg\" width=\"18.24\" height=\"18.207\" viewBox=\"0 0 18.24 18.207\"><g transform=\"translate(0.354 0.354)\"><line y1=\"17.5\" x2=\"17.5\" transform=\"translate(17.5) rotate(90)\" fill=\"none\" stroke=\"currentColor\" stroke-width=\"1\"\/><line y1=\"17.302\" transform=\"translate(17.387 17.302) rotate(90)\" fill=\"none\" stroke=\"currentColor\" stroke-width=\"1\"\/><line x2=\"17.302\" transform=\"translate(17.387) rotate(90)\" fill=\"none\" stroke=\"currentColor\" stroke-width=\"1\"\/><\/g><\/svg>            <\/span>\n        \t\t<span class=\"qodef-icon--minus\"><\/span>\n\t<\/span>\n<\/h4>\n<div class=\"qodef-accordion-content\">\n\t<div class=\"qodef-accordion-content-inner\">\n\t\t<p>Nos comprometemos a actuar de manera responsable en todas nuestras acciones, considerando el impacto de nuestras decisiones en nuestros clientes, socios, empleados y el medio ambiente. Nos esforzamos por actuar de manera \u00e9tica y responsable en todas nuestras actividades.<\/p>\t<\/div>\n<\/div>\n<\/div>\n\t\t<\/div>\n\t\t\t\t<\/div>\n\t\t\t\t\t<\/div>\n\t\t<\/div>\n\t\t\t\t\t<\/div>\n\t\t<\/section>\n\t\t\t\t<section class=\"elementor-section elementor-top-section elementor-element elementor-element-1251d72 elementor-section-full_width qodef-elementor-content-grid elementor-section-stretched elementor-section-height-default elementor-section-height-default\" data-id=\"1251d72\" data-element_type=\"section\" data-settings=\"{&quot;stretch_section&quot;:&quot;section-stretched&quot;,&quot;background_background&quot;:&quot;classic&quot;}\">\n\t\t\t\t\t\t<div class=\"elementor-container elementor-column-gap-no\">\n\t\t\t\t\t<div class=\"elementor-column elementor-col-100 elementor-top-column elementor-element elementor-element-a0ce40a\" data-id=\"a0ce40a\" data-element_type=\"column\">\n\t\t\t<div class=\"elementor-widget-wrap elementor-element-populated\">\n\t\t\t\t\t\t<div class=\"elementor-element elementor-element-c15c1ee elementor-widget elementor-widget-leroux_core_tabbed_info\" data-id=\"c15c1ee\" data-element_type=\"widget\" data-widget_type=\"leroux_core_tabbed_info.default\">\n\t\t\t\t<div class=\"elementor-widget-container\">\n\t\t\t<div class=\"qodef-shortcode qodef-m  qodef-tabbed-info qodef-layout--standard\">\n\t\t\t<ul class=\"qodef-m-navigation\">\n\t\t\t\t\t\t\t\t\t\t\t<li>\n\t<a href=\"qodef-tab--958580c\">\n\t\t\tMisi\u00f3n\t<\/a>\n<\/li>\n\t\t\t\t\t\t\t\t\t\t\t<li>\n\t<a href=\"qodef-tab--c876041\">\n\t\t\tVisi\u00f3n\t<\/a>\n<\/li>\n\t\t\t\t\t\t\t\t\t\t\t<li>\n\t<a href=\"qodef-tab--e51f9b6\">\n\t\t\tValores\t<\/a>\n<\/li>\n\t\t\t\t\t\t\t\t\t\t\t<li>\n\t<a href=\"qodef-tab--aa0b5f8\">\n\t\t\tHistoria\t<\/a>\n<\/li>\n\t\t\t\t\t<\/ul>\n\t\t\t\t\t\t\t\t<div class=\"qodef-m-content\" id=\"qodef-tab--958580c\">\n\t<div class=\"qodef-m-content-inner\">\n\t\t<div class=\"qodef-m-content-left\">\n\t\t\t\t<span class=\"qodef-m-tagline\">\n\t\tMisi\u00f3n\t<\/span>\n\t<h3 class=\"qodef-m-title\">\n\t\tComprometidos con la salud y el bienestar, acercando productos de calidad a cada hogar con confianza y responsabilidad.\t<\/h3>\n\t<p class=\"qodef-e-text\">\n\t\tSomos una organizaci\u00f3n dedicada a la comercializaci\u00f3n de productos farmac\u00e9uticos y cosm\u00e9ticos, caracterizada por la responsabilidad, dedicaci\u00f3n, constancia y el enriquecimiento humano, centrados en la capacitaci\u00f3n \u00e9tica de nuestro personal, bajo la premisa de lograr el mejoramiento continuo del equipo de trabajo, contribuyendo en la calidad de vida de nuestros miembros, as\u00ed como la de nuestros clientes aportando soluciones a su necesidades con atenci\u00f3n personalizada.\t<\/p>\n\t<a class=\"qodef-shortcode qodef-m qodef-m-button qodef-button qodef-layout--filled   qodef-html--link\" href=\"https:\/\/drogueriamega.com\/web\/centro-de-contacto-dromega\/\" target=\"_self\"  >    <span class=\"qodef-m-text\"> Contacto<\/span>    <span class=\"qodef-m-arrow\"><svg class=\"qodef-svg--button-arrow\" xmlns=\"http:\/\/www.w3.org\/2000\/svg\" width=\"10\" height=\"10\" viewBox=\"0 0 9.8 9.8\"><g><path d=\"m.4 9.4 9-9\"\/><path d=\"M.4.5h8.9\"\/><path d=\"M9.3 9.4V.5\"\/><\/g><g><path d=\"m.4 9.4 9-9\"\/><path d=\"M.4.5h8.9\"\/><path d=\"M9.3 9.4V.5\"\/><\/g><\/svg><\/span><\/a>\t\t<\/div>\n\t\t<div class=\"qodef-m-content-right\">\n\t\t\t\t<div class=\"qodef-m-image\">\n\t\t<img decoding=\"async\" width=\"556\" height=\"577\" src=\"https:\/\/drogueriamega.com\/web\/wp-content\/uploads\/2024\/10\/mision-de-dromega.jpg\" class=\"attachment-full size-full\" alt=\"\" srcset=\"https:\/\/drogueriamega.com\/web\/wp-content\/uploads\/2024\/10\/mision-de-dromega.jpg 556w, https:\/\/drogueriamega.com\/web\/wp-content\/uploads\/2024\/10\/mision-de-dromega-289x300.jpg 289w\" sizes=\"(max-width: 556px) 100vw, 556px\" \/>\t<\/div>\n\t\t<\/div>\n\t<\/div>\n<\/div>\n\t\t\t\t\t\t\t\t<div class=\"qodef-m-content\" id=\"qodef-tab--c876041\">\n\t<div class=\"qodef-m-content-inner\">\n\t\t<div class=\"qodef-m-content-left\">\n\t\t\t\t<span class=\"qodef-m-tagline\">\n\t\tVisi\u00f3n\t<\/span>\n\t<h3 class=\"qodef-m-title\">\n\t\tLideramos el mercado con un enfoque en la satisfacci\u00f3n del cliente, ofreciendo productos de calidad, servicios excepcionales y atenci\u00f3n personalizada para cumplir sus necesidades.\t<\/h3>\n\t<p class=\"qodef-e-text\">\n\t\tPosicionarnos como la empresa l\u00edder del mercado, pensando principalmente en la satisfacci\u00f3n de nuestros clientes, con los mejores productos, servicios y atenci\u00f3n personalizada, brindando soluciones a sus necesidades.\t<\/p>\n\t<a class=\"qodef-shortcode qodef-m qodef-m-button qodef-button qodef-layout--filled   qodef-html--link\" href=\"https:\/\/drogueriamega.com\/web\/centro-de-contacto-dromega\/\" target=\"_self\"  >    <span class=\"qodef-m-text\"> Contacto<\/span>    <span class=\"qodef-m-arrow\"><svg class=\"qodef-svg--button-arrow\" xmlns=\"http:\/\/www.w3.org\/2000\/svg\" width=\"10\" height=\"10\" viewBox=\"0 0 9.8 9.8\"><g><path d=\"m.4 9.4 9-9\"\/><path d=\"M.4.5h8.9\"\/><path d=\"M9.3 9.4V.5\"\/><\/g><g><path d=\"m.4 9.4 9-9\"\/><path d=\"M.4.5h8.9\"\/><path d=\"M9.3 9.4V.5\"\/><\/g><\/svg><\/span><\/a>\t\t<\/div>\n\t\t<div class=\"qodef-m-content-right\">\n\t\t\t\t<div class=\"qodef-m-image\">\n\t\t<img decoding=\"async\" width=\"556\" height=\"577\" src=\"https:\/\/drogueriamega.com\/web\/wp-content\/uploads\/2024\/10\/mision-de-dromega.jpg\" class=\"attachment-full size-full\" alt=\"\" srcset=\"https:\/\/drogueriamega.com\/web\/wp-content\/uploads\/2024\/10\/mision-de-dromega.jpg 556w, https:\/\/drogueriamega.com\/web\/wp-content\/uploads\/2024\/10\/mision-de-dromega-289x300.jpg 289w\" sizes=\"(max-width: 556px) 100vw, 556px\" \/>\t<\/div>\n\t\t<\/div>\n\t<\/div>\n<\/div>\n\t\t\t\t\t\t\t\t<div class=\"qodef-m-content\" id=\"qodef-tab--e51f9b6\">\n\t<div class=\"qodef-m-content-inner\">\n\t\t<div class=\"qodef-m-content-left\">\n\t\t\t\t<span class=\"qodef-m-tagline\">\n\t\tValores\t<\/span>\n\t<h3 class=\"qodef-m-title\">\n\t\tEn Dromega, nos guiamos por integridad, honestidad y transparencia en cada interacci\u00f3n, cumpliendo con s\u00f3lidos principios \u00e9ticos en todas nuestras \u00e1reas.\t<\/h3>\n\t<p class=\"qodef-e-text\">\n\t\tSomos una empresa que se rige por valores s\u00f3lidos y principios \u00e9ticos que la distinguen. La integridad es uno de los valores fundamentales de Dromega, que se manifiesta en todas las \u00e1reas de la empresa. Nos esforzamos por ser honestos y transparentes en todas nuestras interacciones, tanto internas como externas, y nos aseguramos de cumplir con todas nuestras.\n\n \t<\/p>\n\t<a class=\"qodef-shortcode qodef-m qodef-m-button qodef-button qodef-layout--filled   qodef-html--link\" href=\"https:\/\/drogueriamega.com\/web\/centro-de-contacto-dromega\/\" target=\"_self\"  >    <span class=\"qodef-m-text\"> Contacto<\/span>    <span class=\"qodef-m-arrow\"><svg class=\"qodef-svg--button-arrow\" xmlns=\"http:\/\/www.w3.org\/2000\/svg\" width=\"10\" height=\"10\" viewBox=\"0 0 9.8 9.8\"><g><path d=\"m.4 9.4 9-9\"\/><path d=\"M.4.5h8.9\"\/><path d=\"M9.3 9.4V.5\"\/><\/g><g><path d=\"m.4 9.4 9-9\"\/><path d=\"M.4.5h8.9\"\/><path d=\"M9.3 9.4V.5\"\/><\/g><\/svg><\/span><\/a>\t\t<\/div>\n\t\t<div class=\"qodef-m-content-right\">\n\t\t\t\t<div class=\"qodef-m-image\">\n\t\t<img decoding=\"async\" width=\"556\" height=\"577\" src=\"https:\/\/drogueriamega.com\/web\/wp-content\/uploads\/2024\/10\/mision-de-dromega.jpg\" class=\"attachment-full size-full\" alt=\"\" srcset=\"https:\/\/drogueriamega.com\/web\/wp-content\/uploads\/2024\/10\/mision-de-dromega.jpg 556w, https:\/\/drogueriamega.com\/web\/wp-content\/uploads\/2024\/10\/mision-de-dromega-289x300.jpg 289w\" sizes=\"(max-width: 556px) 100vw, 556px\" \/>\t<\/div>\n\t\t<\/div>\n\t<\/div>\n<\/div>\n\t\t\t\t\t\t\t\t<div class=\"qodef-m-content\" id=\"qodef-tab--aa0b5f8\">\n\t<div class=\"qodef-m-content-inner\">\n\t\t<div class=\"qodef-m-content-left\">\n\t\t\t\t<span class=\"qodef-m-tagline\">\n\t\tHistoria\t<\/span>\n\t<h3 class=\"qodef-m-title\">\n\t\tDe una amistad con pasi\u00f3n farmac\u00e9utica, naci\u00f3 Dromega en 2001: una historia de excelencia, expansi\u00f3n y compromiso con la salud en Venezuela.\t<\/h3>\n\t<p class=\"qodef-e-text\">\n\t\tUn grupo de amigos con una pasi\u00f3n compartida por el sector farmac\u00e9utico, se unieron para crear una empresa que favoreciera a mejorar la calidad de vida de las personas. Despu\u00e9s de graduarse y ganar experiencia trabajando, su amistad se sigui\u00f3 fortaleciendo hasta convertirse en familia y mejores amigos. Desde ese momento sumaron esfuerzos, trabajaron en equipo y decidieron asociarse y emprender con Farmacias y una DROGUERIA.\n\nEn 2.001 abrieron DROGUERIA MEGA en la ciudad de M\u00c9RIDA, con la visi\u00f3n de brindar un servicio de excelencia en el sector farmac\u00e9utico. Desde entonces, su objetivo principal ha sido satisfacer las necesidades de sus clientes y mejorar constantemente para mantenerse a la vanguardia en el mercado.\nLa empresa ha aplicado pol\u00edticas de comercializaci\u00f3n innovadoras que se adaptan a las exigencias del mercado venezolano y ha ampliado su portafolio de productos, incluyendo material m\u00e9dico quir\u00fargico y equipos m\u00e9dicos, lo que les ha permitido consolidarse como una de las empresas l\u00edderes en su sector.\nPara ofrecer un servicio a\u00fan m\u00e1s eficiente, DROGUERIA MEGA ha expandido su presencia en el pa\u00eds, abriendo nuevas operaciones en puntos estrat\u00e9gicos en Falc\u00f3n en febrero del 2015, Matur\u00edn en diciembre del 2017 y Caracas en octubre del 2019.\n\nGrupo DROMEGA ha logrado mantener una posici\u00f3n importante en el mercado gracias a su compromiso con la satisfacci\u00f3n del cliente y su constante b\u00fasqueda de la excelencia. Con su eslogan \u00a1COMPROMETIDOS CONTIGO!, contin\u00faa brindando los mejores productos, servicios y atenci\u00f3n personalizada a sus clientes.\t<\/p>\n\t<a class=\"qodef-shortcode qodef-m qodef-m-button qodef-button qodef-layout--filled   qodef-html--link\" href=\"\" target=\"_self\"  >    <span class=\"qodef-m-text\"> <\/span>    <span class=\"qodef-m-arrow\"><svg class=\"qodef-svg--button-arrow\" xmlns=\"http:\/\/www.w3.org\/2000\/svg\" width=\"10\" height=\"10\" viewBox=\"0 0 9.8 9.8\"><g><path d=\"m.4 9.4 9-9\"\/><path d=\"M.4.5h8.9\"\/><path d=\"M9.3 9.4V.5\"\/><\/g><g><path d=\"m.4 9.4 9-9\"\/><path d=\"M.4.5h8.9\"\/><path d=\"M9.3 9.4V.5\"\/><\/g><\/svg><\/span><\/a>\t\t<\/div>\n\t\t<div class=\"qodef-m-content-right\">\n\t\t\t\t<div class=\"qodef-m-image\">\n\t\t<img decoding=\"async\" width=\"556\" height=\"577\" src=\"https:\/\/drogueriamega.com\/web\/wp-content\/uploads\/2024\/10\/mision-de-dromega.jpg\" class=\"attachment-full size-full\" alt=\"\" srcset=\"https:\/\/drogueriamega.com\/web\/wp-content\/uploads\/2024\/10\/mision-de-dromega.jpg 556w, https:\/\/drogueriamega.com\/web\/wp-content\/uploads\/2024\/10\/mision-de-dromega-289x300.jpg 289w\" sizes=\"(max-width: 556px) 100vw, 556px\" \/>\t<\/div>\n\t\t<\/div>\n\t<\/div>\n<\/div>\n\t\t\t<\/div>\n\t\t<\/div>\n\t\t\t\t<\/div>\n\t\t\t\t\t<\/div>\n\t\t<\/div>\n\t\t\t\t\t<\/div>\n\t\t<\/section>\n\t\t\t\t<\/div>\n\t\t","protected":false},"excerpt":{"rendered":"<p>Compromiso con la Variedad y el Bienestar de Nuestros Clientes En DROMEGA, nos enorgullece ser un socio confiable para las farmacias, distribuyendo salud a comunidades en todo el occidente venezolano. Nuestro compromiso no solo se basa en la eficiencia y rapidez, sino tambi\u00e9n en ofrecer una amplia variedad de productos. Trabajamos con una red de [&hellip;]<\/p>\n","protected":false},"author":1,"featured_media":14420,"parent":0,"menu_order":0,"comment_status":"closed","ping_status":"closed","template":"","meta":{"footnotes":""},"class_list":["post-3915","page","type-page","status-publish","has-post-thumbnail","hentry"],"_links":{"self":[{"href":"https:\/\/drogueriamega.com\/web\/wp-json\/wp\/v2\/pages\/3915","targetHints":{"allow":["GET"]}}],"collection":[{"href":"https:\/\/drogueriamega.com\/web\/wp-json\/wp\/v2\/pages"}],"about":[{"href":"https:\/\/drogueriamega.com\/web\/wp-json\/wp\/v2\/types\/page"}],"author":[{"embeddable":true,"href":"https:\/\/drogueriamega.com\/web\/wp-json\/wp\/v2\/users\/1"}],"replies":[{"embeddable":true,"href":"https:\/\/drogueriamega.com\/web\/wp-json\/wp\/v2\/comments?post=3915"}],"version-history":[{"count":6,"href":"https:\/\/drogueriamega.com\/web\/wp-json\/wp\/v2\/pages\/3915\/revisions"}],"predecessor-version":[{"id":15216,"href":"https:\/\/drogueriamega.com\/web\/wp-json\/wp\/v2\/pages\/3915\/revisions\/15216"}],"wp:featuredmedia":[{"embeddable":true,"href":"https:\/\/drogueriamega.com\/web\/wp-json\/wp\/v2\/media\/14420"}],"wp:attachment":[{"href":"https:\/\/drogueriamega.com\/web\/wp-json\/wp\/v2\/media?parent=3915"}],"curies":[{"name":"wp","href":"https:\/\/api.w.org\/{rel}","templated":true}]}}