{"id":3327,"date":"2023-01-27T12:24:20","date_gmt":"2023-01-27T12:24:20","guid":{"rendered":"https:\/\/leroux.qodeinteractive.com\/?page_id=3327"},"modified":"2024-11-11T15:32:28","modified_gmt":"2024-11-11T15:32:28","slug":"interactive-banners","status":"publish","type":"page","link":"https:\/\/drogueriamega.com\/web\/","title":{"rendered":"Interactive Banners"},"content":{"rendered":"\t\t<div data-elementor-type=\"wp-page\" data-elementor-id=\"3327\" class=\"elementor elementor-3327\">\n\t\t\t\t\t\t<section class=\"elementor-section elementor-top-section elementor-element elementor-element-22fc509 elementor-section-full_width elementor-section-height-default elementor-section-height-default\" data-id=\"22fc509\" data-element_type=\"section\">\n\t\t\t\t\t\t<div class=\"elementor-container elementor-column-gap-no\">\n\t\t\t\t\t<div class=\"elementor-column elementor-col-100 elementor-top-column elementor-element elementor-element-0101cf2\" data-id=\"0101cf2\" data-element_type=\"column\">\n\t\t\t<div class=\"elementor-widget-wrap elementor-element-populated\">\n\t\t\t\t\t\t<div class=\"elementor-element elementor-element-e26ab72 elementor-widget elementor-widget-leroux_core_interactive_banners\" data-id=\"e26ab72\" data-element_type=\"widget\" data-widget_type=\"leroux_core_interactive_banners.default\">\n\t\t\t\t<div class=\"elementor-widget-container\">\n\t\t\t\n<div class=\"qodef-interactive-banners qodef-shortcode qodef-m   qodef-interactive-banners-five\">\n\t<div class=\"qodef-ib-images-holder\">\n\t\t\t\t\t<div class=\"qodef-ib-image-holder qodef-active qodef--image-type\" style=\"background-image: url(https:\/\/drogueriamega.com\/web\/wp-content\/uploads\/2024\/10\/dromega-home-merida.jpg)\" data-index=\"0\">\n\t\t\t\t\t\t\t<\/div>\n\t\t\t\t\t\t\t\t\t\t\t<div class=\"qodef-ib-image-holder  qodef--image-type\" style=\"background-image: url(https:\/\/drogueriamega.com\/web\/wp-content\/uploads\/2024\/10\/dromega-home-falcon.jpg)\" data-index=\"1\">\n\t\t\t\t\t\t\t<\/div>\n\t\t\t\t\t\t\t\t\t\t\t<div class=\"qodef-ib-image-holder  qodef--video-type\" style=\"background-image: url(https:\/\/drogueriamega.com\/web\/wp-content\/uploads\/2023\/01\/agency-bg-img3.jpg)\" data-index=\"2\">\n\t\t\t\t\t\t\t\t\t<video class=\"qodef-ib-video\" autoplay muted playsinline loop src=\"https:\/\/leroux.qodeinteractive.com\/wp-content\/uploads\/2023\/03\/marketing-agency-video.mp4\"><\/video>\n\t\t\t\t\t\t\t<\/div>\n\t\t\t\t\t\t\t\t\t\t\t<div class=\"qodef-ib-image-holder  qodef--image-type\" style=\"background-image: url(https:\/\/drogueriamega.com\/web\/wp-content\/uploads\/2024\/11\/comercializacion-DROMEGA-ca-merida-falcon-1.jpg)\" data-index=\"3\">\n\t\t\t\t\t\t\t<\/div>\n\t\t\t\t\t\t\t\t\t\t\t<div class=\"qodef-ib-image-holder  qodef--image-type\" style=\"background-image: url(https:\/\/drogueriamega.com\/web\/wp-content\/uploads\/2024\/11\/dromega-contactenos.jpg)\" data-index=\"4\">\n\t\t\t\t\t\t\t<\/div>\n\t\t\t\t\t\t\t<\/div>\n\t<div class=\"qodef-ib-content-holder\">\n\t\t\t\t\t<div class=\"qodef-ib-item qodef-active\" data-index=\"0\">\n\t\t\t\t<div class=\"qodef-ib-image-holder-responsive\" style=\"background-image: url(https:\/\/drogueriamega.com\/web\/wp-content\/uploads\/2024\/10\/dromega-home-merida.jpg)\">\n\t\t\t\t\t\t\t\t\t<\/div>\n\t\t\t\t<span class=\"qodef-ib-item-tag\">Regi\u00f3n And\u00e9s<\/span>\n\t\t\t\t<div class=\"qodef-ib-item-inner\">\n\t\t\t\t\t<div class=\"qodef-ib-item-title\">\n\t\t\t\t\t\t<h3> Sede M\u00e9rida <\/h3>\n\t\t\t\t\t<\/div>\n\t\t\t\t\t<div class=\"qodef-ib-item-subtitle\">\n\t\t\t\t\t\t<p> En Dromega, celebramos la riqueza cultural y la belleza natural del Estado M\u00e9rida, un lugar que inspira innovaci\u00f3n y excelencia en cada paso que damos. <\/p>\n\t\t\t\t\t<\/div>\n\t\t\t\t\t\t\t\t\t\t\t<div class=\"qodef-ib-item-btn-holder\">\n\t\t\t\t\t\t\t<a class=\"qodef-shortcode qodef-m  qodef-button qodef-layout--filled qodef-background--blur  qodef-html--link\" href=\"https:\/\/drogueriamega.com\/web\/sede-merida\/\" target=\"_self\"  >    <span class=\"qodef-m-text\">Ingresar<\/span>    <span class=\"qodef-m-arrow\"><svg class=\"qodef-svg--button-arrow\" xmlns=\"http:\/\/www.w3.org\/2000\/svg\" width=\"10\" height=\"10\" viewBox=\"0 0 9.8 9.8\"><g><path d=\"m.4 9.4 9-9\"\/><path d=\"M.4.5h8.9\"\/><path d=\"M9.3 9.4V.5\"\/><\/g><g><path d=\"m.4 9.4 9-9\"\/><path d=\"M.4.5h8.9\"\/><path d=\"M9.3 9.4V.5\"\/><\/g><\/svg><\/span><\/a>\t\t\t\t\t\t<\/div>\n\t\t\t\t\t\t\t\t\t<\/div>\n\t\t\t<\/div>\n\t\t\t\t\t\t\t\t\t\t\t<div class=\"qodef-ib-item \" data-index=\"1\">\n\t\t\t\t<div class=\"qodef-ib-image-holder-responsive\" style=\"background-image: url(https:\/\/drogueriamega.com\/web\/wp-content\/uploads\/2024\/10\/dromega-home-falcon.jpg)\">\n\t\t\t\t\t\t\t\t\t<\/div>\n\t\t\t\t<span class=\"qodef-ib-item-tag\">Regi\u00f3n Occidente<\/span>\n\t\t\t\t<div class=\"qodef-ib-item-inner\">\n\t\t\t\t\t<div class=\"qodef-ib-item-title\">\n\t\t\t\t\t\t<h3> Sede Falc\u00f3n <\/h3>\n\t\t\t\t\t<\/div>\n\t\t\t\t\t<div class=\"qodef-ib-item-subtitle\">\n\t\t\t\t\t\t<p> En Dromega, nos enorgullece resaltar la excelencia del Estado Falc\u00f3n, donde la diversidad y el talento se unen para crear un entorno vibrante y lleno de oportunidades. <\/p>\n\t\t\t\t\t<\/div>\n\t\t\t\t\t\t\t\t\t\t\t<div class=\"qodef-ib-item-btn-holder\">\n\t\t\t\t\t\t\t<a class=\"qodef-shortcode qodef-m  qodef-button qodef-layout--filled qodef-background--blur  qodef-html--link\" href=\"https:\/\/drogueriamega.com\/web\/sede-falcon\/\" target=\"_self\"  >    <span class=\"qodef-m-text\">Ingresar<\/span>    <span class=\"qodef-m-arrow\"><svg class=\"qodef-svg--button-arrow\" xmlns=\"http:\/\/www.w3.org\/2000\/svg\" width=\"10\" height=\"10\" viewBox=\"0 0 9.8 9.8\"><g><path d=\"m.4 9.4 9-9\"\/><path d=\"M.4.5h8.9\"\/><path d=\"M9.3 9.4V.5\"\/><\/g><g><path d=\"m.4 9.4 9-9\"\/><path d=\"M.4.5h8.9\"\/><path d=\"M9.3 9.4V.5\"\/><\/g><\/svg><\/span><\/a>\t\t\t\t\t\t<\/div>\n\t\t\t\t\t\t\t\t\t<\/div>\n\t\t\t<\/div>\n\t\t\t\t\t\t\t\t\t\t\t<div class=\"qodef-ib-item \" data-index=\"2\">\n\t\t\t\t<div class=\"qodef-ib-image-holder-responsive\" style=\"background-image: url(https:\/\/drogueriamega.com\/web\/wp-content\/uploads\/2023\/01\/agency-bg-img3.jpg)\">\n\t\t\t\t\t\t\t\t\t\t\t<video class=\"qodef-ib-video qodef-ib-video-responsive\" autoplay muted playsinline loop src=\"https:\/\/leroux.qodeinteractive.com\/wp-content\/uploads\/2023\/03\/marketing-agency-video.mp4\"><\/video>\n\t\t\t\t\t\t\t\t\t<\/div>\n\t\t\t\t<span class=\"qodef-ib-item-tag\">Acerca de la Empresa<\/span>\n\t\t\t\t<div class=\"qodef-ib-item-inner\">\n\t\t\t\t\t<div class=\"qodef-ib-item-title\">\n\t\t\t\t\t\t<h3> Sobre Nosotros <\/h3>\n\t\t\t\t\t<\/div>\n\t\t\t\t\t<div class=\"qodef-ib-item-subtitle\">\n\t\t\t\t\t\t<p> En Dromega, nos guiamos por la integridad, la cooperaci\u00f3n, la confianza, la eficiencia y la responsabilidad, promoviendo un ambiente \u00e9tico y colaborativo que maximiza el valor para nuestros clientes y la comunidad. <\/p>\n\t\t\t\t\t<\/div>\n\t\t\t\t\t\t\t\t\t\t\t<div class=\"qodef-ib-item-btn-holder\">\n\t\t\t\t\t\t\t<a class=\"qodef-shortcode qodef-m  qodef-button qodef-layout--filled qodef-background--blur  qodef-html--link\" href=\"https:\/\/drogueriamega.com\/web\/somos-dromega\/\" target=\"_self\"  >    <span class=\"qodef-m-text\">Con\u00f3cenos<\/span>    <span class=\"qodef-m-arrow\"><svg class=\"qodef-svg--button-arrow\" xmlns=\"http:\/\/www.w3.org\/2000\/svg\" width=\"10\" height=\"10\" viewBox=\"0 0 9.8 9.8\"><g><path d=\"m.4 9.4 9-9\"\/><path d=\"M.4.5h8.9\"\/><path d=\"M9.3 9.4V.5\"\/><\/g><g><path d=\"m.4 9.4 9-9\"\/><path d=\"M.4.5h8.9\"\/><path d=\"M9.3 9.4V.5\"\/><\/g><\/svg><\/span><\/a>\t\t\t\t\t\t<\/div>\n\t\t\t\t\t\t\t\t\t<\/div>\n\t\t\t<\/div>\n\t\t\t\t\t\t\t\t\t\t\t<div class=\"qodef-ib-item \" data-index=\"3\">\n\t\t\t\t<div class=\"qodef-ib-image-holder-responsive\" style=\"background-image: url(https:\/\/drogueriamega.com\/web\/wp-content\/uploads\/2024\/11\/comercializacion-DROMEGA-ca-merida-falcon-1.jpg)\">\n\t\t\t\t\t\t\t\t\t<\/div>\n\t\t\t\t<span class=\"qodef-ib-item-tag\">Registro de Clientes o  Proveedores<\/span>\n\t\t\t\t<div class=\"qodef-ib-item-inner\">\n\t\t\t\t\t<div class=\"qodef-ib-item-title\">\n\t\t\t\t\t\t<h3> Comercializaci\u00f3n <\/h3>\n\t\t\t\t\t<\/div>\n\t\t\t\t\t<div class=\"qodef-ib-item-subtitle\">\n\t\t\t\t\t\t<p> En el \u00e1rea de comercializaci\u00f3n de Dromega, te invitamos a unirte a nosotros como cliente o proveedor, donde creamos conexiones s\u00f3lidas y efectivas, ofreciendo soluciones personalizadas que impulsan tu crecimiento y satisfacci\u00f3n. <\/p>\n\t\t\t\t\t<\/div>\n\t\t\t\t\t\t\t\t\t\t\t<div class=\"qodef-ib-item-btn-holder\">\n\t\t\t\t\t\t\t<a class=\"qodef-shortcode qodef-m  qodef-button qodef-layout--filled qodef-background--blur  qodef-html--link\" href=\"https:\/\/drogueriamega.com\/web\/comercializacion-ser-cliente-dromega-ser-preveedor-dromega\/\" target=\"_self\"  >    <span class=\"qodef-m-text\">Hacer Solicitud<\/span>    <span class=\"qodef-m-arrow\"><svg class=\"qodef-svg--button-arrow\" xmlns=\"http:\/\/www.w3.org\/2000\/svg\" width=\"10\" height=\"10\" viewBox=\"0 0 9.8 9.8\"><g><path d=\"m.4 9.4 9-9\"\/><path d=\"M.4.5h8.9\"\/><path d=\"M9.3 9.4V.5\"\/><\/g><g><path d=\"m.4 9.4 9-9\"\/><path d=\"M.4.5h8.9\"\/><path d=\"M9.3 9.4V.5\"\/><\/g><\/svg><\/span><\/a>\t\t\t\t\t\t<\/div>\n\t\t\t\t\t\t\t\t\t<\/div>\n\t\t\t<\/div>\n\t\t\t\t\t\t\t\t\t\t\t<div class=\"qodef-ib-item \" data-index=\"4\">\n\t\t\t\t<div class=\"qodef-ib-image-holder-responsive\" style=\"background-image: url(https:\/\/drogueriamega.com\/web\/wp-content\/uploads\/2024\/11\/dromega-contactenos.jpg)\">\n\t\t\t\t\t\t\t\t\t<\/div>\n\t\t\t\t<span class=\"qodef-ib-item-tag\">Atenci\u00edon al Cliente y Ofertas de Empleo<\/span>\n\t\t\t\t<div class=\"qodef-ib-item-inner\">\n\t\t\t\t\t<div class=\"qodef-ib-item-title\">\n\t\t\t\t\t\t<h3> Cont\u00e1ctanos <\/h3>\n\t\t\t\t\t<\/div>\n\t\t\t\t\t<div class=\"qodef-ib-item-subtitle\">\n\t\t\t\t\t\t<p> Te invitamos a hablar con nosotros para resolver tus inquietudes o explorar oportunidades laborales y ser parte de nuestro equipo comprometido con la excelencia. <\/p>\n\t\t\t\t\t<\/div>\n\t\t\t\t\t\t\t\t\t\t\t<div class=\"qodef-ib-item-btn-holder\">\n\t\t\t\t\t\t\t<a class=\"qodef-shortcode qodef-m  qodef-button qodef-layout--filled qodef-background--blur  qodef-html--link\" href=\"https:\/\/drogueriamega.com\/web\/centro-de-contacto-dromega\/\" target=\"_self\"  >    <span class=\"qodef-m-text\">Ver Secci\u00f3n<\/span>    <span class=\"qodef-m-arrow\"><svg class=\"qodef-svg--button-arrow\" xmlns=\"http:\/\/www.w3.org\/2000\/svg\" width=\"10\" height=\"10\" viewBox=\"0 0 9.8 9.8\"><g><path d=\"m.4 9.4 9-9\"\/><path d=\"M.4.5h8.9\"\/><path d=\"M9.3 9.4V.5\"\/><\/g><g><path d=\"m.4 9.4 9-9\"\/><path d=\"M.4.5h8.9\"\/><path d=\"M9.3 9.4V.5\"\/><\/g><\/svg><\/span><\/a>\t\t\t\t\t\t<\/div>\n\t\t\t\t\t\t\t\t\t<\/div>\n\t\t\t<\/div>\n\t\t\t\t\t\t\t<\/div>\n\t<div class=\"qodef-ib-grid\">\n\t\t\t\t\t<div class=\"qodef-ib-grid-line\">\n\t\t\t\t<div class=\"qodef-ib-grid-vertical-line\"><\/div>\n\t\t\t<\/div>\n\t\t\t\t\t<div class=\"qodef-ib-grid-line\">\n\t\t\t\t<div class=\"qodef-ib-grid-vertical-line\"><\/div>\n\t\t\t<\/div>\n\t\t\t\t\t<div class=\"qodef-ib-grid-line\">\n\t\t\t\t<div class=\"qodef-ib-grid-vertical-line\"><\/div>\n\t\t\t<\/div>\n\t\t\t\t\t<div class=\"qodef-ib-grid-line\">\n\t\t\t\t<div class=\"qodef-ib-grid-vertical-line\"><\/div>\n\t\t\t<\/div>\n\t\t\t\t\t<div class=\"qodef-ib-grid-line\">\n\t\t\t\t<div class=\"qodef-ib-grid-vertical-line\"><\/div>\n\t\t\t<\/div>\n\t\t\t<\/div>\n<\/div>\t\t<\/div>\n\t\t\t\t<\/div>\n\t\t\t\t\t<\/div>\n\t\t<\/div>\n\t\t\t\t\t<\/div>\n\t\t<\/section>\n\t\t\t\t<\/div>\n\t\t","protected":false},"excerpt":{"rendered":"<p>Regi\u00f3n And\u00e9s Sede M\u00e9rida En Dromega, celebramos la riqueza cultural y la belleza natural del Estado M\u00e9rida, un lugar que inspira innovaci\u00f3n y excelencia en cada paso que damos. Ingresar Regi\u00f3n Occidente Sede Falc\u00f3n En Dromega, nos enorgullece resaltar la excelencia del Estado Falc\u00f3n, donde la diversidad y el talento se unen para crear un [&hellip;]<\/p>\n","protected":false},"author":1,"featured_media":11024,"parent":0,"menu_order":0,"comment_status":"closed","ping_status":"closed","template":"page-full-width.php","meta":{"footnotes":""},"class_list":["post-3327","page","type-page","status-publish","has-post-thumbnail","hentry"],"_links":{"self":[{"href":"https:\/\/drogueriamega.com\/web\/wp-json\/wp\/v2\/pages\/3327","targetHints":{"allow":["GET"]}}],"collection":[{"href":"https:\/\/drogueriamega.com\/web\/wp-json\/wp\/v2\/pages"}],"about":[{"href":"https:\/\/drogueriamega.com\/web\/wp-json\/wp\/v2\/types\/page"}],"author":[{"embeddable":true,"href":"https:\/\/drogueriamega.com\/web\/wp-json\/wp\/v2\/users\/1"}],"replies":[{"embeddable":true,"href":"https:\/\/drogueriamega.com\/web\/wp-json\/wp\/v2\/comments?post=3327"}],"version-history":[{"count":15,"href":"https:\/\/drogueriamega.com\/web\/wp-json\/wp\/v2\/pages\/3327\/revisions"}],"predecessor-version":[{"id":15075,"href":"https:\/\/drogueriamega.com\/web\/wp-json\/wp\/v2\/pages\/3327\/revisions\/15075"}],"wp:featuredmedia":[{"embeddable":true,"href":"https:\/\/drogueriamega.com\/web\/wp-json\/wp\/v2\/media\/11024"}],"wp:attachment":[{"href":"https:\/\/drogueriamega.com\/web\/wp-json\/wp\/v2\/media?parent=3327"}],"curies":[{"name":"wp","href":"https:\/\/api.w.org\/{rel}","templated":true}]}}