{"id":13342,"date":"2024-02-28T20:36:32","date_gmt":"2024-02-28T20:36:32","guid":{"rendered":"https:\/\/elchinazo.com\/?page_id=13342"},"modified":"2024-11-04T20:19:37","modified_gmt":"2024-11-04T20:19:37","slug":"centro-de-contacto-dromega","status":"publish","type":"page","link":"https:\/\/drogueriamega.com\/web\/centro-de-contacto-dromega\/","title":{"rendered":"Centro de Contacto Dromega"},"content":{"rendered":"\t\t<div data-elementor-type=\"wp-page\" data-elementor-id=\"13342\" class=\"elementor elementor-13342\">\n\t\t\t\t\t\t<section class=\"elementor-section elementor-top-section elementor-element elementor-element-f6c173e elementor-section-boxed elementor-section-height-default elementor-section-height-default\" data-id=\"f6c173e\" data-element_type=\"section\">\n\t\t\t\t\t\t<div class=\"elementor-container elementor-column-gap-default\">\n\t\t\t\t\t<div class=\"elementor-column elementor-col-100 elementor-top-column elementor-element elementor-element-11adbbe\" data-id=\"11adbbe\" data-element_type=\"column\">\n\t\t\t<div class=\"elementor-widget-wrap elementor-element-populated\">\n\t\t\t\t\t\t<section class=\"elementor-section elementor-inner-section elementor-element elementor-element-c4ad2c9 elementor-section-full_width elementor-section-height-default elementor-section-height-default\" data-id=\"c4ad2c9\" data-element_type=\"section\">\n\t\t\t\t\t\t<div class=\"elementor-container elementor-column-gap-no\">\n\t\t\t\t\t<div class=\"elementor-column elementor-col-50 elementor-inner-column elementor-element elementor-element-272bacf\" data-id=\"272bacf\" data-element_type=\"column\">\n\t\t\t<div class=\"elementor-widget-wrap elementor-element-populated\">\n\t\t\t\t\t\t<div class=\"elementor-element elementor-element-9d3dfb3 elementor-widget elementor-widget-leroux_core_section_title\" data-id=\"9d3dfb3\" data-element_type=\"widget\" data-widget_type=\"leroux_core_section_title.default\">\n\t\t\t\t<div class=\"elementor-widget-container\">\n\t\t\t<div class=\"qodef-shortcode qodef-m  qodef-section-title qodef-alignment--left \">\n\t\t<h1 class=\"qodef-m-title\" >\n\t\t\t\t\tOficinas M\u00e9rida\t\t\t<\/h1>\n\t<\/div>\n\t\t<\/div>\n\t\t\t\t<\/div>\n\t\t\t\t<div class=\"elementor-element elementor-element-d2b716d elementor-widget elementor-widget-text-editor\" data-id=\"d2b716d\" data-element_type=\"widget\" data-widget_type=\"text-editor.default\">\n\t\t\t\t<div class=\"elementor-widget-container\">\n\t\t\t\t\t\t\t<p>Zona Industrial Los Curos calle 1era, local galp\u00f3n B 13, M\u00e9rida 5115, M\u00e9rida805<\/p>\t\t\t\t\t\t<\/div>\n\t\t\t\t<\/div>\n\t\t\t\t<div class=\"elementor-element elementor-element-cc6d95c elementor-widget__width-initial elementor-widget elementor-widget-html\" data-id=\"cc6d95c\" data-element_type=\"widget\" data-widget_type=\"html.default\">\n\t\t\t\t<div class=\"elementor-widget-container\">\n\t\t\t<iframe src=\"https:\/\/www.google.com\/maps\/embed?pb=!1m14!1m8!1m3!1d3945.354300205901!2d-71.2065809!3d8.5618889!3m2!1i1024!2i768!4f13.1!3m3!1m2!1s0x8e647d680e636773%3A0x7d4bb201ba60929d!2sDROMEGA%20%7C%20Droguer%C3%ADa%20Mega%20C.A.!5e0!3m2!1ses!2sve!4v1730476857760!5m2!1ses!2sve\" width=\"600\" height=\"450\" style=\"border:0;\" allowfullscreen=\"\" loading=\"lazy\" referrerpolicy=\"no-referrer-when-downgrade\"><\/iframe>\t\t<\/div>\n\t\t\t\t<\/div>\n\t\t\t\t<div class=\"elementor-element elementor-element-dda3a42 elementor-widget elementor-widget-text-editor\" data-id=\"dda3a42\" data-element_type=\"widget\" data-widget_type=\"text-editor.default\">\n\t\t\t\t<div class=\"elementor-widget-container\">\n\t\t\t\t\t\t\t<div id=\"leroux_core_separator-26\" class=\"widget widget_leroux_core_separator\" data-area=\"qodef-footer-bottom-area-column-2\">\n<div class=\"qodef-shortcode qodef-m qodef-separator clear \">\n<div class=\"qodef-m-line\"><span style=\"color: #20282d; font-family: 'Dm Sans', sans-serif; font-size: 20px;\">Enlaces:<\/span><\/div>\n<\/div>\n<\/div>\n<div id=\"block-73\" class=\"widget widget_block\" data-area=\"qodef-footer-bottom-area-column-2\">\n<div class=\"wp-block-group is-layout-flow wp-block-group-is-layout-flow\">\n<div class=\"wp-block-group__inner-container\">\n<p><strong><a class=\"qodef-link--underline\" href=\"mailto:dromegamerida@dromega.com.ve\">dromegamerida@dromega.com.ve<\/a><\/strong><\/p>\n<p><strong>Master:<\/strong><\/p>\n<p><strong><a class=\"qodef-link--underline\" href=\"tel:+582743002380\">+0274-3002380<\/a><\/strong><\/p>\n<\/div>\n<\/div>\n<\/div>\t\t\t\t\t\t<\/div>\n\t\t\t\t<\/div>\n\t\t\t\t<div class=\"elementor-element elementor-element-f00ae47 elementor-widget elementor-widget-text-editor\" data-id=\"f00ae47\" data-element_type=\"widget\" data-widget_type=\"text-editor.default\">\n\t\t\t\t<div class=\"elementor-widget-container\">\n\t\t\t\t\t\t\t<p>0274-2714220<br \/>0424-7450263<br \/>0412-4928506<br \/>0414-9715199<br \/>0412-4928514<br \/>0414-7546671<br \/>0412-4928509<br \/>0412-4928510<br \/>0414-7546679<br \/>0412-4928507<\/p>\t\t\t\t\t\t<\/div>\n\t\t\t\t<\/div>\n\t\t\t\t\t<\/div>\n\t\t<\/div>\n\t\t\t\t<div class=\"elementor-column elementor-col-50 elementor-inner-column elementor-element elementor-element-03df87d\" data-id=\"03df87d\" data-element_type=\"column\">\n\t\t\t<div class=\"elementor-widget-wrap elementor-element-populated\">\n\t\t\t\t\t\t<div class=\"elementor-element elementor-element-d8411d3 elementor-widget elementor-widget-leroux_core_section_title\" data-id=\"d8411d3\" data-element_type=\"widget\" data-widget_type=\"leroux_core_section_title.default\">\n\t\t\t\t<div class=\"elementor-widget-container\">\n\t\t\t<div class=\"qodef-shortcode qodef-m  qodef-section-title qodef-alignment--left \">\n\t\t<h1 class=\"qodef-m-title\" >\n\t\t\t\t\tOficinas Falc\u00f3n\t\t\t<\/h1>\n\t<\/div>\n\t\t<\/div>\n\t\t\t\t<\/div>\n\t\t\t\t<div class=\"elementor-element elementor-element-a841295 elementor-widget elementor-widget-text-editor\" data-id=\"a841295\" data-element_type=\"widget\" data-widget_type=\"text-editor.default\">\n\t\t\t\t<div class=\"elementor-widget-container\">\n\t\t\t\t\t\t\t<p>Av Los Medanos entre<br \/>Buchivacoa | Calle Aurora Local N\u00ba, s\/n. Coro 4101, Falc\u00f3n.<\/p>\t\t\t\t\t\t<\/div>\n\t\t\t\t<\/div>\n\t\t\t\t<div class=\"elementor-element elementor-element-dd5e3db elementor-widget__width-initial elementor-widget elementor-widget-html\" data-id=\"dd5e3db\" data-element_type=\"widget\" data-widget_type=\"html.default\">\n\t\t\t\t<div class=\"elementor-widget-container\">\n\t\t\t<iframe src=\"https:\/\/www.google.com\/maps\/embed?pb=!1m14!1m8!1m3!1d125151.42860463554!2d-69.66467!3d11.408842!3m2!1i1024!2i768!4f13.1!3m3!1m2!1s0x8e842b1b746b7fed%3A0x943bb7bd3ef14abb!2sDroguer%C3%ADa%20Mega%20Falc%C3%B3n%20C.A.!5e0!3m2!1ses!2sus!4v1730477409555!5m2!1ses!2sus\" width=\"600\" height=\"450\" style=\"border:0;\" allowfullscreen=\"\" loading=\"lazy\" referrerpolicy=\"no-referrer-when-downgrade\"><\/iframe>\t\t<\/div>\n\t\t\t\t<\/div>\n\t\t\t\t<div class=\"elementor-element elementor-element-fd29428 elementor-widget elementor-widget-text-editor\" data-id=\"fd29428\" data-element_type=\"widget\" data-widget_type=\"text-editor.default\">\n\t\t\t\t<div class=\"elementor-widget-container\">\n\t\t\t\t\t\t\t<div id=\"leroux_core_separator-26\" class=\"widget widget_leroux_core_separator\" data-area=\"qodef-footer-bottom-area-column-2\">\n<div class=\"qodef-shortcode qodef-m qodef-separator clear \">\n<div class=\"qodef-m-line\"><span style=\"color: #20282d; font-family: 'Dm Sans', sans-serif; font-size: 20px;\">Enlaces:<\/span><\/div>\n<\/div>\n<\/div>\n<div id=\"block-73\" class=\"widget widget_block\" data-area=\"qodef-footer-bottom-area-column-2\">\n<div class=\"wp-block-group is-layout-flow wp-block-group-is-layout-flow\">\n<div class=\"wp-block-group__inner-container\">\n<p><strong><a class=\"qodef-link--underline\" href=\"mailto:dromegafalcon@dromega.com.ve\">dromegafalcon@dromega.com.ve<\/a><\/strong><\/p>\n<\/div>\n<\/div>\n<\/div>\t\t\t\t\t\t<\/div>\n\t\t\t\t<\/div>\n\t\t\t\t<div class=\"elementor-element elementor-element-a1aa347 elementor-widget elementor-widget-text-editor\" data-id=\"a1aa347\" data-element_type=\"widget\" data-widget_type=\"text-editor.default\">\n\t\t\t\t<div class=\"elementor-widget-container\">\n\t\t\t\t\t\t\t<p>0416 \u2013 660 9659<\/p>\n<p>0412 \u2013 449 8936<\/p>\n<p>0424 \u2013 6188430<\/p>\n<p>0424 \u2013 6472558<\/p>\n<p>0424 \u2013 647 2493<\/p>\t\t\t\t\t\t<\/div>\n\t\t\t\t<\/div>\n\t\t\t\t\t<\/div>\n\t\t<\/div>\n\t\t\t\t\t<\/div>\n\t\t<\/section>\n\t\t\t\t\t<\/div>\n\t\t<\/div>\n\t\t\t\t\t<\/div>\n\t\t<\/section>\n\t\t\t\t<section class=\"elementor-section elementor-top-section elementor-element elementor-element-4e5eea3 elementor-section-boxed elementor-section-height-default elementor-section-height-default\" data-id=\"4e5eea3\" data-element_type=\"section\">\n\t\t\t\t\t\t<div class=\"elementor-container elementor-column-gap-default\">\n\t\t\t\t\t<div class=\"elementor-column elementor-col-100 elementor-top-column elementor-element elementor-element-0929c7d\" data-id=\"0929c7d\" data-element_type=\"column\">\n\t\t\t<div class=\"elementor-widget-wrap elementor-element-populated\">\n\t\t\t\t\t\t<section class=\"elementor-section elementor-inner-section elementor-element elementor-element-6a8c377 elementor-section-full_width elementor-section-height-default elementor-section-height-default\" data-id=\"6a8c377\" data-element_type=\"section\">\n\t\t\t\t\t\t<div class=\"elementor-container elementor-column-gap-no\">\n\t\t\t\t\t<div class=\"elementor-column elementor-col-50 elementor-inner-column elementor-element elementor-element-d7ba6ec\" data-id=\"d7ba6ec\" data-element_type=\"column\">\n\t\t\t<div class=\"elementor-widget-wrap elementor-element-populated\">\n\t\t\t\t\t\t<div class=\"elementor-element elementor-element-b0025fc elementor-widget elementor-widget-leroux_core_section_title\" data-id=\"b0025fc\" data-element_type=\"widget\" data-widget_type=\"leroux_core_section_title.default\">\n\t\t\t\t<div class=\"elementor-widget-container\">\n\t\t\t<div class=\"qodef-shortcode qodef-m  qodef-section-title qodef-alignment--left \">\n\t\t<h1 class=\"qodef-m-title\" >\n\t\t\t\t\t\u00bfQuieres trabajar con nosotros?\t\t\t<\/h1>\n\t<\/div>\n\t\t<\/div>\n\t\t\t\t<\/div>\n\t\t\t\t<div class=\"elementor-element elementor-element-21a4e24 elementor-widget elementor-widget-text-editor\" data-id=\"21a4e24\" data-element_type=\"widget\" data-widget_type=\"text-editor.default\">\n\t\t\t\t<div class=\"elementor-widget-container\">\n\t\t\t\t\t\t\t<p>Si quieres formar parte de nuestro equipo, te invitamos a llenar nuestro formulario de solicitud de empleo. Es obligatorio nos incluyas tu curriculum vitae en formato PDF.<\/p>\n<p>Nosotros revisaremos cuidadosamente tu perfil y, si cumples con los requisitos, nos pondremos en contacto contigo lo antes posible.<\/p>\n<p>\u00a1Gracias por tu inter\u00e9s en Dromega! Esperamos recibir tu solicitud pronto.<\/p>\t\t\t\t\t\t<\/div>\n\t\t\t\t<\/div>\n\t\t\t\t\t<\/div>\n\t\t<\/div>\n\t\t\t\t<div class=\"elementor-column elementor-col-50 elementor-inner-column elementor-element elementor-element-63b656d\" data-id=\"63b656d\" data-element_type=\"column\">\n\t\t\t<div class=\"elementor-widget-wrap elementor-element-populated\">\n\t\t\t\t\t\t<div class=\"elementor-element elementor-element-99cd5c0 elementor-widget elementor-widget-qi_addons_for_elementor_contact_form_7\" data-id=\"99cd5c0\" data-element_type=\"widget\" data-widget_type=\"qi_addons_for_elementor_contact_form_7.default\">\n\t\t\t\t<div class=\"elementor-widget-container\">\n\t\t\t<div class=\"qodef-shortcode qodef-m  qodef-qi-contact-form-7 \">\n\t\n<div class=\"wpcf7 no-js\" id=\"wpcf7-f14915-o1\" lang=\"en-US\" dir=\"ltr\" data-wpcf7-id=\"14915\">\n<div class=\"screen-reader-response\"><p role=\"status\" aria-live=\"polite\" aria-atomic=\"true\"><\/p> <ul><\/ul><\/div>\n<form action=\"\/web\/wp-json\/wp\/v2\/pages\/13342#wpcf7-f14915-o1\" method=\"post\" class=\"wpcf7-form init\" aria-label=\"Contact form\" enctype=\"multipart\/form-data\" novalidate=\"novalidate\" data-status=\"init\">\n<div style=\"display: none;\">\n<input type=\"hidden\" name=\"_wpcf7\" value=\"14915\" \/>\n<input type=\"hidden\" name=\"_wpcf7_version\" value=\"6.0.1\" \/>\n<input type=\"hidden\" name=\"_wpcf7_locale\" value=\"en_US\" \/>\n<input type=\"hidden\" name=\"_wpcf7_unit_tag\" value=\"wpcf7-f14915-o1\" \/>\n<input type=\"hidden\" name=\"_wpcf7_container_post\" value=\"0\" \/>\n<input type=\"hidden\" name=\"_wpcf7_posted_data_hash\" value=\"\" \/>\n<input type=\"hidden\" name=\"_wpcf7_recaptcha_response\" value=\"\" \/>\n<\/div>\n<div class=\"qodef-main-form qodef-layout--columns\">\n\n<div class=\"qodef-cf9-columns\">\n \n\n<div class=\"qodef-input-holder\">\n<span class=\"wpcf7-form-control-wrap\" data-name=\"your-name\"><input size=\"40\" maxlength=\"400\" class=\"wpcf7-form-control wpcf7-text wpcf7-validates-as-required\" aria-required=\"true\" aria-invalid=\"false\" placeholder=\"Nombre\" value=\"\" type=\"text\" name=\"your-name\" \/><\/span>\n<\/div>\n\n \n<div class=\"qodef-input-holder\">\n<span class=\"wpcf7-form-control-wrap\" data-name=\"your-email\"><input size=\"40\" maxlength=\"400\" class=\"wpcf7-form-control wpcf7-email wpcf7-validates-as-required wpcf7-text wpcf7-validates-as-email\" aria-required=\"true\" aria-invalid=\"false\" placeholder=\"Correo Electr\u00f3nico\" value=\"\" type=\"email\" name=\"your-email\" \/><\/span>\n<\/div>\n\n\n<div class=\"qodef-input-holder\">\n<br>* Adjunta tu curriculum en formato pdf<br><br>\n <span class=\"wpcf7-form-control-wrap\" data-name=\"file-988\"><input size=\"40\" class=\"wpcf7-form-control wpcf7-file\" accept=\"application\/pdf\" aria-invalid=\"false\" type=\"file\" name=\"file-988\" \/><\/span>\n<\/div>\n <br>\n<\/div>\n\n<div class=\"qodef-input-holder\">\n<span class=\"wpcf7-form-control-wrap\" data-name=\"your-message\"><textarea cols=\"40\" rows=\"5\" maxlength=\"2000\" class=\"wpcf7-form-control wpcf7-textarea\" aria-invalid=\"false\" placeholder=\"Informaci\u00f3n Adicional\" name=\"your-message\"><\/textarea><\/span>\n<\/div>\n<br>\n<button class=\"wpcf7-form-control wpcf7-submit qodef-button qodef-size--normal qodef-layout--filled qodef-m\" type=\"submit\"><span class=\"qodef-m-text\">Enviar<\/span><span class=\"qodef-m-arrow\"><svg class=\"qodef-svg--button-arrow\" xmlns=\"http:\/\/www.w3.org\/2000\/svg\" width=\"10\" height=\"10\" viewBox=\"0 0 9.8 9.8\"><g><path d=\"m.4 9.4 9-9\"\/><path d=\"M.4.5h8.9\"\/><path d=\"M9.3 9.4V.5\"\/><\/g><g><path d=\"m.4 9.4 9-9\"\/><path d=\"M.4.5h8.9\"\/><path d=\"M9.3 9.4V.5\"\/><\/g><\/svg><\/span><\/button>\n\n<\/div><div class=\"wpcf7-response-output\" aria-hidden=\"true\"><\/div>\n<\/form>\n<\/div>\n<\/div>\n\t\t<\/div>\n\t\t\t\t<\/div>\n\t\t\t\t\t<\/div>\n\t\t<\/div>\n\t\t\t\t\t<\/div>\n\t\t<\/section>\n\t\t\t\t\t<\/div>\n\t\t<\/div>\n\t\t\t\t\t<\/div>\n\t\t<\/section>\n\t\t<div class=\"elementor-element elementor-element-1caaae67 e-flex e-con-boxed e-con e-parent\" data-id=\"1caaae67\" data-element_type=\"container\">\n\t\t\t\t\t<div class=\"e-con-inner\">\n\t\t\t\t<div class=\"elementor-element elementor-element-172b7255 elementor-widget elementor-widget-text-editor\" data-id=\"172b7255\" data-element_type=\"widget\" data-widget_type=\"text-editor.default\">\n\t\t\t\t<div class=\"elementor-widget-container\">\n\t\t\t\t\t\t\t<!-- wp:wpforms\/form-selector {\"clientId\":\"2c4f6448-422e-46cc-ba3d-d5e1a69aa0f8\",\"formId\":\"13337\",\"copyPasteJsonValue\":\"{\\u0022displayTitle\\u0022:false,\\u0022displayDesc\\u0022:false,\\u0022fieldSize\\u0022:\\u0022medium\\u0022,\\u0022fieldBorderRadius\\u0022:\\u00223px\\u0022,\\u0022fieldBackgroundColor\\u0022:\\u0022#ffffff\\u0022,\\u0022fieldBorderColor\\u0022:\\u0022rgba( 0, 0, 0, 0.25 )\\u0022,\\u0022fieldTextColor\\u0022:\\u0022rgba( 0, 0, 0, 0.7 )\\u0022,\\u0022labelSize\\u0022:\\u0022medium\\u0022,\\u0022labelColor\\u0022:\\u0022rgba( 0, 0, 0, 0.85 )\\u0022,\\u0022labelSublabelColor\\u0022:\\u0022rgba( 0, 0, 0, 0.55 )\\u0022,\\u0022labelErrorColor\\u0022:\\u0022#d63637\\u0022,\\u0022buttonSize\\u0022:\\u0022medium\\u0022,\\u0022buttonBorderRadius\\u0022:\\u00223px\\u0022,\\u0022buttonBackgroundColor\\u0022:\\u0022#066aab\\u0022,\\u0022buttonTextColor\\u0022:\\u0022#ffffff\\u0022}\"} \/-->\t\t\t\t\t\t<\/div>\n\t\t\t\t<\/div>\n\t\t\t\t\t<\/div>\n\t\t\t\t<\/div>\n\t\t\t\t<\/div>\n\t\t","protected":false},"excerpt":{"rendered":"<p>Oficinas M\u00e9rida Zona Industrial Los Curos calle 1era, local galp\u00f3n B 13, M\u00e9rida 5115, M\u00e9rida805 Enlaces: dromegamerida@dromega.com.ve Master: +0274-3002380 0274-27142200424-74502630412-49285060414-97151990412-49285140414-75466710412-49285090412-49285100414-75466790412-4928507 Oficinas Falc\u00f3n Av Los Medanos entreBuchivacoa | Calle Aurora Local N\u00ba, s\/n. Coro 4101, Falc\u00f3n. Enlaces: dromegafalcon@dromega.com.ve 0416 \u2013 660 9659 0412 \u2013 449 8936 0424 \u2013 6188430 0424 \u2013 6472558 0424 \u2013 647 2493 [&hellip;]<\/p>\n","protected":false},"author":1,"featured_media":0,"parent":0,"menu_order":0,"comment_status":"closed","ping_status":"closed","template":"","meta":{"footnotes":""},"class_list":["post-13342","page","type-page","status-publish","hentry"],"_links":{"self":[{"href":"https:\/\/drogueriamega.com\/web\/wp-json\/wp\/v2\/pages\/13342","targetHints":{"allow":["GET"]}}],"collection":[{"href":"https:\/\/drogueriamega.com\/web\/wp-json\/wp\/v2\/pages"}],"about":[{"href":"https:\/\/drogueriamega.com\/web\/wp-json\/wp\/v2\/types\/page"}],"author":[{"embeddable":true,"href":"https:\/\/drogueriamega.com\/web\/wp-json\/wp\/v2\/users\/1"}],"replies":[{"embeddable":true,"href":"https:\/\/drogueriamega.com\/web\/wp-json\/wp\/v2\/comments?post=13342"}],"version-history":[{"count":0,"href":"https:\/\/drogueriamega.com\/web\/wp-json\/wp\/v2\/pages\/13342\/revisions"}],"wp:attachment":[{"href":"https:\/\/drogueriamega.com\/web\/wp-json\/wp\/v2\/media?parent=13342"}],"curies":[{"name":"wp","href":"https:\/\/api.w.org\/{rel}","templated":true}]}}